{"id":108,"date":"2014-10-20T22:01:25","date_gmt":"2014-10-20T20:01:25","guid":{"rendered":"http:\/\/gasthaus-hansi.at\/wp\/?page_id=108"},"modified":"2025-10-01T09:39:55","modified_gmt":"2025-10-01T07:39:55","slug":"speisen-gasthaus-hansi-breitenlee","status":"publish","type":"page","link":"https:\/\/gasthaus-hansi.at\/?page_id=108","title":{"rendered":"Speisen"},"content":{"rendered":"<p style=\"text-align: center;\"><a href=\"https:\/\/gasthaus-hansi.at\/?page_id=96#spezialkarte\">Beachten Sie auch unsere Spezialkarten\u00a0auf der Mittagsmen\u00fc-Seite!<\/a><\/p>\n<p><a id=\"suppen\"><\/a><\/p>\n<p style=\"text-align: center; background-color: rgba(236,238,251,1);\"><strong>Suppen<\/strong><\/p>\n<p>\n<table id=\"tablepress-4\" class=\"tablepress tablepress-id-4\">\n<tbody class=\"row-striping\">\n<tr class=\"row-1\">\n\t<td class=\"column-1\">Backerbsensuppe<\/td><td class=\"column-2\">\u20ac 4,50<\/td>\n<\/tr>\n<tr class=\"row-2\">\n\t<td class=\"column-1\">Frittatensuppe<\/td><td class=\"column-2\">\u20ac 4,80<\/td>\n<\/tr>\n<tr class=\"row-3\">\n\t<td class=\"column-1\">Leberkn\u00f6delsuppe<\/td><td class=\"column-2\">\u20ac 4,90<\/td>\n<\/tr>\n<tr class=\"row-4\">\n\t<td class=\"column-1\">Knoblauchcremesuppe<\/td><td class=\"column-2\">\u20ac 4,90<\/td>\n<\/tr>\n<\/tbody>\n<\/table>\n<!-- #tablepress-4 from cache --><br \/>\n<a id=\"vorspeisen\"><\/a><\/p>\n<p style=\"text-align: center; background-color: rgba(236,238,251,1);\"><strong>Vorspeisen<\/strong><\/p>\n<p>\n<table id=\"tablepress-5\" class=\"tablepress tablepress-id-5\">\n<tbody class=\"row-striping\">\n<tr class=\"row-1\">\n\t<td class=\"column-1\"><strong>Gebackene Palatschinke<\/strong><br \/>\nmit Schinken und K\u00e4se gef\u00fcllt dazu Sauce Tartare<\/td><td class=\"column-2\">\u20ac 10,90<\/td>\n<\/tr>\n<tr class=\"row-2\">\n\t<td class=\"column-1\"><strong>Beef Tartare<\/strong> <br \/>\nmit Toastbrot und Butter<\/td><td class=\"column-2\">\u20ac 16,90<\/td>\n<\/tr>\n<\/tbody>\n<\/table>\n<!-- #tablepress-5 from cache --><br \/>\n<a id=\"schmankerln\"><\/a><\/p>\n<p style=\"text-align: center; background-color: rgba(236,238,251,1);\"><strong>Schmankerln<\/strong><\/p>\n<p>\n<table id=\"tablepress-60\" class=\"tablepress tablepress-id-60\">\n<tbody class=\"row-striping\">\n<tr class=\"row-1\">\n\t<td class=\"column-1\"><strong>Fingerfood Klassik<\/strong><\/td><td class=\"column-2\">\u20ac 14,50<\/td>\n<\/tr>\n<tr class=\"row-2\">\n\t<td class=\"column-1\"><strong>Fingerfood Fish &amp; Chips<\/strong><\/td><td class=\"column-2\">\u20ac 14,50<\/td>\n<\/tr>\n<tr class=\"row-3\">\n\t<td class=\"column-1\"><strong>Fingerfood Veggies<\/strong><\/td><td class=\"column-2\">\u20ac 14,-<\/td>\n<\/tr>\n<tr class=\"row-4\">\n\t<td class=\"column-1\"><strong>Fingerfood Cheesie<\/strong><\/td><td class=\"column-2\">\u20ac 14,50<\/td>\n<\/tr>\n<tr class=\"row-5\">\n\t<td class=\"column-1\"><strong>Fingerfood Grillerei<\/strong><\/td><td class=\"column-2\">\u20ac 14,50<\/td>\n<\/tr>\n<tr class=\"row-6\">\n\t<td class=\"column-1\"><strong>Steirischer Backhendlsalat<\/strong><br \/>\nmit Kern\u00f6l<\/td><td class=\"column-2\">\u20ac 14,50<\/td>\n<\/tr>\n<tr class=\"row-7\">\n\t<td class=\"column-1\"><strong>Salatsch\u00fcssel<\/strong><br \/>\nmit gegrillten H\u00fchnerstreifen<\/td><td class=\"column-2\">\u20ac 14,50<\/td>\n<\/tr>\n<tr class=\"row-8\">\n\t<td class=\"column-1\"><strong>Thunfischsalat<\/strong><\/td><td class=\"column-2\">\u20ac 12,50<\/td>\n<\/tr>\n<\/tbody>\n<\/table>\n<!-- #tablepress-60 from cache --><br \/>\n<a id=\"hauptspeisen\"><\/a><\/p>\n<p style=\"text-align: center; background-color: rgba(236,238,251,1);\"><strong>Hauptspeisen<\/strong><\/p>\n<p>\n<table id=\"tablepress-7\" class=\"tablepress tablepress-id-7\">\n<tbody class=\"row-striping\">\n<tr class=\"row-1\">\n\t<td class=\"column-1\"><strong>Wiener Schnitzel<\/strong><br \/>\nmit Erd\u00e4pfelsalat<\/td><td class=\"column-2\">\u20ac 15,30<\/td>\n<\/tr>\n<tr class=\"row-2\">\n\t<td class=\"column-1\"><strong>Cordon Bleu<\/strong><br \/>\nmit Mayonnaisesalat<\/td><td class=\"column-2\">\u20ac 16,90<\/td>\n<\/tr>\n<tr class=\"row-3\">\n\t<td class=\"column-1\"><strong>Bauern Cordon Bleu<\/strong><br \/>\ngef\u00fcllt mit Zwiebel, Champignons und Speck und K\u00e4se dazu gemischten Salat<\/td><td class=\"column-2\">\u20ac 17,20<\/td>\n<\/tr>\n<tr class=\"row-4\">\n\t<td class=\"column-1\"><strong>Grillkotelette<\/strong><br \/>\nmit Pommes und Kr\u00e4uterbutter<\/td><td class=\"column-2\">\u20ac 15,90<\/td>\n<\/tr>\n<tr class=\"row-5\">\n\t<td class=\"column-1\"><strong>Jungschweinsbraten<\/strong><br \/>\nmit Sauerkraut und Semmelkn\u00f6del<\/td><td class=\"column-2\">\u20ac 15,60<\/td>\n<\/tr>\n<tr class=\"row-6\">\n\t<td class=\"column-1\"><strong>Grillteller<\/strong><br \/>\nmit Pommes &amp; Kr\u00e4uterbutter<\/td><td class=\"column-2\">\u20ac 15,90<\/td>\n<\/tr>\n<tr class=\"row-7\">\n\t<td class=\"column-1\"><strong>Naturschnitzel<\/strong><br \/>\nmit Reis &amp; Gem\u00fcse<\/td><td class=\"column-2\">\u20ac 15,90<\/td>\n<\/tr>\n<tr class=\"row-8\">\n\t<td class=\"column-1\"><strong>Fiakergulasch<\/strong><br \/>\n<\/td><td class=\"column-2\">\u20ac 14,90<\/td>\n<\/tr>\n<tr class=\"row-9\">\n\t<td class=\"column-1\"><strong>Rindsgulasch<\/strong><br \/>\n<\/td><td class=\"column-2\">\u20ac 11,90<\/td>\n<\/tr>\n<tr class=\"row-10\">\n\t<td class=\"column-1\"><strong>Gegrillte H\u00fchnerbrust<\/strong> mit Pommes &amp; Kr\u00e4uterbutter<br \/>\n<\/td><td class=\"column-2\">\u20ac 15,90<\/td>\n<\/tr>\n<tr class=\"row-11\">\n\t<td class=\"column-1\"><strong>H\u00fchnerschnitzel gebacken<\/strong> mit Mayonnaisesalat<\/td><td class=\"column-2\">\u20ac 15,90<\/td>\n<\/tr>\n<tr class=\"row-12\">\n\t<td class=\"column-1\"><strong>H\u00fchnerfilet im Natursaftl<\/strong> mit Reis<\/td><td class=\"column-2\">\u20ac 15,90<\/td>\n<\/tr>\n<tr class=\"row-13\">\n\t<td class=\"column-1\"><strong>Cevapcici<\/strong> mit Pommes &amp; Zwiebelsenf<\/td><td class=\"column-2\">\u20ac 15,90<\/td>\n<\/tr>\n<tr class=\"row-14\">\n\t<td class=\"column-1\"><strong>Zwiebelrostbraten<\/strong> mit Braterd\u00e4pfeln<\/td><td class=\"column-2\">\u20ac 21,90<\/td>\n<\/tr>\n<tr class=\"row-15\">\n\t<td class=\"column-1\"><strong>Gebackener Rostbraten<\/strong> mit Petersilerd\u00e4pfel, gemischtem Salat &amp; Knoblauchsauce<\/td><td class=\"column-2\">\u20ac 21,90<\/td>\n<\/tr>\n<tr class=\"row-16\">\n\t<td class=\"column-1\"><strong>Spareribs<\/strong> mit Braterd\u00e4pfeln &amp; Dipsaucen<\/td><td class=\"column-2\">\u20ac 21,90<\/td>\n<\/tr>\n<tr class=\"row-17\">\n\t<td class=\"column-1\"><strong>Ribs &amp; Wings<\/strong> mit Braterd\u00e4pfeln &amp; Dipsaucen<\/td><td class=\"column-2\">\u20ac 20,90<\/td>\n<\/tr>\n<tr class=\"row-18\">\n\t<td class=\"column-1\"><strong>Chicken Wings<\/strong> mit Braterd\u00e4pfeln &amp; Dipsaucen<\/td><td class=\"column-2\">\u20ac 20,90<\/td>\n<\/tr>\n<tr class=\"row-19\">\n\t<td class=\"column-1\"><strong>Salatvariation mit gegrillten Sojastreifen<\/strong> &amp; Kern\u00f6l<\/td><td class=\"column-2\">\u20ac 14,50<\/td>\n<\/tr>\n<tr class=\"row-20\">\n\t<td class=\"column-1\"><strong>Eiernockerl<\/strong> mit gr\u00fcnem Salat<\/td><td class=\"column-2\">\u20ac 13,30<\/td>\n<\/tr>\n<tr class=\"row-21\">\n\t<td class=\"column-1\"><strong>K\u00e4sesp\u00e4tzle<\/strong> mit gr\u00fcnem Salat<\/td><td class=\"column-2\">\u20ac 14,90<\/td>\n<\/tr>\n<tr class=\"row-22\">\n\t<td class=\"column-1\"><strong>Emmentaler gebacken<\/strong> mit Preiselbeeren &amp; Sauce Tartare<\/td><td class=\"column-2\">\u20ac 14,90<\/td>\n<\/tr>\n<tr class=\"row-23\">\n\t<td class=\"column-1\"><strong>Ger\u00f6stete Kn\u00f6del mit Ei<\/strong> und gr\u00fcnem Salat<\/td><td class=\"column-2\">\u20ac 13,30<\/td>\n<\/tr>\n<tr class=\"row-24\">\n\t<td class=\"column-1\"><strong>Zanderfilet vom Grill<\/strong> mit Petersilerd\u00e4pfel, Grillgem\u00fcse &amp; Kr\u00e4uterbutter<\/td><td class=\"column-2\">\u20ac 20,90<\/td>\n<\/tr>\n<tr class=\"row-25\">\n\t<td class=\"column-1\"><strong>Zander gebacken<\/strong> mit Erd\u00e4pfelsalat<\/td><td class=\"column-2\">\u20ac 20,90<\/td>\n<\/tr>\n<tr class=\"row-26\">\n\t<td class=\"column-1\"><strong>Rib-Eye Steak American 330g<\/strong> mit Spiegelei, Grillgem\u00fcse, Braterd\u00e4pfel &amp; Kr\u00e4uterbutter<\/td><td class=\"column-2\">\u20ac 29,90<\/td>\n<\/tr>\n<tr class=\"row-27\">\n\t<td class=\"column-1\"><strong>Rib-Eye Steak Madagaskar 330g<\/strong> in Pfeffersauce mit Speckfisolen &amp; Kroketten<\/td><td class=\"column-2\">\u20ac 29,90<\/td>\n<\/tr>\n<\/tbody>\n<\/table>\n<!-- #tablepress-7 from cache --><br \/>\n<a id=\"jungegaeste\"><\/a><\/p>\n<p style=\"text-align: center; background-color: rgba(236,238,251,1);\"><strong>F\u00fcr unsere jungen G\u00e4ste<\/strong><\/p>\n<p>\n<table id=\"tablepress-15\" class=\"tablepress tablepress-id-15\">\n<tbody class=\"row-striping\">\n<tr class=\"row-1\">\n\t<td class=\"column-1\"><strong>Mickey Maus<\/strong><br \/>\nSchweinsschnitzel mit Pommes<\/td><td class=\"column-2\">\u20ac 8,90<\/td>\n<\/tr>\n<tr class=\"row-2\">\n\t<td class=\"column-1\"><strong>Harry Potter<\/strong><br \/>\nH\u00fchnerschnitzerln mit Pommes<\/td><td class=\"column-2\">\u20ac 8,90<\/td>\n<\/tr>\n<tr class=\"row-3\">\n\t<td class=\"column-1\"><strong>Moby Dick<\/strong><br \/>\nFischst\u00e4bchen mit Pommes<\/td><td class=\"column-2\">\u20ac 8,90<\/td>\n<\/tr>\n<tr class=\"row-4\">\n\t<td class=\"column-1\"><strong>Donald Duck<\/strong><br \/>\nGrillw\u00fcrstel mit Pommes<\/td><td class=\"column-2\">\u20ac 8,90<\/td>\n<\/tr>\n<\/tbody>\n<\/table>\n<!-- #tablepress-15 from cache --><br \/>\n<a id=\"suesses\"><\/a><\/p>\n<p style=\"text-align: center; background-color: rgba(236,238,251,1);\"><strong>S\u00fc\u00dfes<\/strong><\/p>\n<p>\n<table id=\"tablepress-16\" class=\"tablepress tablepress-id-16\">\n<tbody class=\"row-striping\">\n<tr class=\"row-1\">\n\t<td class=\"column-1\"><strong>Mohr im Hemd<\/strong><\/td><td class=\"column-2\">\u20ac 6,90<\/td>\n<\/tr>\n<tr class=\"row-2\">\n\t<td class=\"column-1\"><strong>Topfen-Nougatkn\u00f6del<\/strong><br \/>\n in Butterbr\u00f6sel auf Himbeersauce mit Schlagobers (3 Stk)<\/td><td class=\"column-2\">\u20ac 6,90<\/td>\n<\/tr>\n<tr class=\"row-3\">\n\t<td class=\"column-1\"><strong>Schoko-Nusspalatschinke<\/strong><br \/>\nmit Schlagobers<\/td><td class=\"column-2\">\u20ac 4,10<\/td>\n<\/tr>\n<tr class=\"row-4\">\n\t<td class=\"column-1\"><strong>Marillen- \/Schokopalatschinke<\/strong><\/td><td class=\"column-2\">\u20ac 3,-<\/td>\n<\/tr>\n<tr class=\"row-5\">\n\t<td class=\"column-1\"><strong>Eispalatschinke<\/strong><br \/>\nmit Schokosauce und Schlagobers<\/td><td class=\"column-2\">\u20ac 4,10<\/td>\n<\/tr>\n<tr class=\"row-6\">\n\t<td class=\"column-1\"><strong>Hausgemachter Apfelstrudel<\/strong><br \/>\nmit Vanilleeis und Schlagobers<\/td><td class=\"column-2\">\u20ac 6,30<\/td>\n<\/tr>\n<tr class=\"row-7\">\n\t<td class=\"column-1\"><strong>Schoko-Souffle<\/strong><\/td><td class=\"column-2\">\u20ac 6,90<\/td>\n<\/tr>\n<tr class=\"row-8\">\n\t<td class=\"column-1\"><strong>Eiskaffee<\/strong><\/td><td class=\"column-2\">\u20ac 4,90<\/td>\n<\/tr>\n<tr class=\"row-9\">\n\t<td class=\"column-1\"><strong>Hei\u00dfe Liebe<\/strong><\/td><td class=\"column-2\">\u20ac 5,10<\/td>\n<\/tr>\n<tr class=\"row-10\">\n\t<td class=\"column-1\"><strong>Gemischtes Eis mit Schlagobers<\/strong><\/td><td class=\"column-2\">\u20ac 4,50<\/td>\n<\/tr>\n<tr class=\"row-11\">\n\t<td class=\"column-1\"><strong>Gemischtes Eis<\/strong><\/td><td class=\"column-2\">\u20ac 4,10<\/td>\n<\/tr>\n<tr class=\"row-12\">\n\t<td class=\"column-1\"><strong>Kindereisbecher<\/strong><\/td><td class=\"column-2\">\u20ac 3,-<\/td>\n<\/tr>\n<tr class=\"row-13\">\n\t<td class=\"column-1\"><strong>Coup D\u00e4nemark<\/strong><\/td><td class=\"column-2\">\u20ac 4,50<\/td>\n<\/tr>\n<tr class=\"row-14\">\n\t<td class=\"column-1\"><strong>Steirereisbecher mit Kern\u00f6l<\/strong><\/td><td class=\"column-2\">\u20ac 4,50<\/td>\n<\/tr>\n<\/tbody>\n<\/table>\n<!-- #tablepress-16 from cache --><br \/>\n<a id=\"beilagen\"><\/a><\/p>\n<p style=\"text-align: center; background-color: rgba(236,238,251,1);\"><strong>Beilagen<\/strong><\/p>\n<p>\n<table id=\"tablepress-17\" class=\"tablepress tablepress-id-17\">\n<tbody class=\"row-striping\">\n<tr class=\"row-1\">\n\t<td class=\"column-1\">Pommes<\/td><td class=\"column-2\">\u20ac 4,30<\/td>\n<\/tr>\n<tr class=\"row-2\">\n\t<td class=\"column-1\">Reis<\/td><td class=\"column-2\">\u20ac 3,90<\/td>\n<\/tr>\n<tr class=\"row-3\">\n\t<td class=\"column-1\">Kroketten<\/td><td class=\"column-2\">\u20ac 4,30<\/td>\n<\/tr>\n<tr class=\"row-4\">\n\t<td class=\"column-1\">Braterd\u00e4pfeln<\/td><td class=\"column-2\">\u20ac 4,30<\/td>\n<\/tr>\n<tr class=\"row-5\">\n\t<td class=\"column-1\">Dukatenchips<\/td><td class=\"column-2\">\u20ac 4,30<\/td>\n<\/tr>\n<tr class=\"row-6\">\n\t<td class=\"column-1\">Petersilienerd\u00e4pfel<\/td><td class=\"column-2\">\u20ac 4,30<\/td>\n<\/tr>\n<tr class=\"row-7\">\n\t<td class=\"column-1\">Salzerd\u00e4pfeln<\/td><td class=\"column-2\">\u20ac 4,30<\/td>\n<\/tr>\n<tr class=\"row-8\">\n\t<td class=\"column-1\">Semmelkn\u00f6del<\/td><td class=\"column-2\">\u20ac 4,30<\/td>\n<\/tr>\n<tr class=\"row-9\">\n\t<td class=\"column-1\">Grillgem\u00fcse<\/td><td class=\"column-2\">\u20ac 4,30<\/td>\n<\/tr>\n<tr class=\"row-10\">\n\t<td class=\"column-1\">Mischgem\u00fcse<\/td><td class=\"column-2\">\u20ac 4,30<\/td>\n<\/tr>\n<tr class=\"row-11\">\n\t<td class=\"column-1\">Sauce Tartare<\/td><td class=\"column-2\">\u20ac 1,80<\/td>\n<\/tr>\n<tr class=\"row-12\">\n\t<td class=\"column-1\">Knoblauchsauce<\/td><td class=\"column-2\">\u20ac 1,80<\/td>\n<\/tr>\n<tr class=\"row-13\">\n\t<td class=\"column-1\">Cocktailsauce<\/td><td class=\"column-2\">\u20ac 1,80<\/td>\n<\/tr>\n<tr class=\"row-14\">\n\t<td class=\"column-1\">Portion Mayonnaise<\/td><td class=\"column-2\">\u20ac 0,60<\/td>\n<\/tr>\n<tr class=\"row-15\">\n\t<td class=\"column-1\">Portion Senf<\/td><td class=\"column-2\">\u20ac 0,60<\/td>\n<\/tr>\n<tr class=\"row-16\">\n\t<td class=\"column-1\">Portion Ketchup<\/td><td class=\"column-2\">\u20ac 0,60<\/td>\n<\/tr>\n<tr class=\"row-17\">\n\t<td class=\"column-1\">Preiselbeeren<\/td><td class=\"column-2\">\u20ac 1,80<\/td>\n<\/tr>\n<tr class=\"row-18\">\n\t<td class=\"column-1\">Kern\u00f6l<\/td><td class=\"column-2\">\u20ac 0,90<\/td>\n<\/tr>\n<tr class=\"row-19\">\n\t<td class=\"column-1\">Kr\u00e4uterbutter<\/td><td class=\"column-2\">\u20ac 0,60<\/td>\n<\/tr>\n<tr class=\"row-20\">\n\t<td class=\"column-1\">Barbecue Sauce<\/td><td class=\"column-2\">\u20ac 1,80<\/td>\n<\/tr>\n<tr class=\"row-21\">\n\t<td class=\"column-1\">Chilli Sauce<\/td><td class=\"column-2\">\u20ac 1,80<\/td>\n<\/tr>\n<\/tbody>\n<\/table>\n<!-- #tablepress-17 from cache --><br \/>\n<a id=\"gebaeck\"><\/a><\/p>\n<p style=\"text-align: center; background-color: rgba(236,238,251,1);\"><strong>Geb\u00e4ck<\/strong><\/p>\n<p>\n<table id=\"tablepress-18\" class=\"tablepress tablepress-id-18\">\n<tbody class=\"row-striping\">\n<tr class=\"row-1\">\n\t<td class=\"column-1\">Semmel<\/td><td class=\"column-2\">\u20ac 1,50<\/td>\n<\/tr>\n<tr class=\"row-2\">\n\t<td class=\"column-1\">Salzstangerl<\/td><td class=\"column-2\">\u20ac 1,90<\/td>\n<\/tr>\n<tr class=\"row-3\">\n\t<td class=\"column-1\">Toastbrot<\/td><td class=\"column-2\">\u20ac 1,00<\/td>\n<\/tr>\n<tr class=\"row-4\">\n\t<td class=\"column-1\">Kornspitz<\/td><td class=\"column-2\">\u20ac 1,90<\/td>\n<\/tr>\n<\/tbody>\n<\/table>\n<!-- #tablepress-18 from cache --><br \/>\n<a id=\"salate\"><\/a><\/p>\n<p style=\"text-align: center; background-color: rgba(236,238,251,1);\"><strong>Salate<\/strong><\/p>\n\n<table id=\"tablepress-19\" class=\"tablepress tablepress-id-19\">\n<tbody class=\"row-striping\">\n<tr class=\"row-1\">\n\t<td class=\"column-1\">Gr\u00fcner<\/td><td class=\"column-2\">\u20ac 3,50<\/td>\n<\/tr>\n<tr class=\"row-2\">\n\t<td class=\"column-1\">Erd\u00e4pfel<\/td><td class=\"column-2\">\u20ac 3,90<\/td>\n<\/tr>\n<tr class=\"row-3\">\n\t<td class=\"column-1\">Mayonnaise<\/td><td class=\"column-2\">\u20ac 3,90<\/td>\n<\/tr>\n<tr class=\"row-4\">\n\t<td class=\"column-1\">Mais<\/td><td class=\"column-2\">\u20ac 3,90<\/td>\n<\/tr>\n<tr class=\"row-5\">\n\t<td class=\"column-1\">Tomaten<\/td><td class=\"column-2\">\u20ac 3,90<\/td>\n<\/tr>\n<tr class=\"row-6\">\n\t<td class=\"column-1\">Gurken<\/td><td class=\"column-2\">\u20ac 3,90<\/td>\n<\/tr>\n<tr class=\"row-7\">\n\t<td class=\"column-1\">Kraut<\/td><td class=\"column-2\">\u20ac 3,90<\/td>\n<\/tr>\n<tr class=\"row-8\">\n\t<td class=\"column-1\">Gemischter<\/td><td class=\"column-2\">\u20ac 3,90<\/td>\n<\/tr>\n<\/tbody>\n<\/table>\n<!-- #tablepress-19 from cache -->\n<p style=\"text-align: center;\">Alle Preise inkl. aller Abgaben<\/p>\n<p style=\"text-align: center;\"><em><strong>Essen zum Mitnehmen (Abholung)<\/strong><\/em><\/p>\n<p style=\"text-align: center;\"><strong>Unsere Speisen sind auch zum Mitnehmen gedacht.<br \/>\nNat\u00fcrlich stellen wir Ihnen gerne<br \/>\nunser Einweggeschirr zur Verf\u00fcgung.<br \/>\nAufgrund der derzeitigen Situation m\u00fcssen wir leider<br \/>\nf\u00fcr unser Einweggeschirr den Selbstkostenpreis verlangen.<br \/>\nDieser variiert je nach Verpackungsgr\u00f6\u00dfe und Menge.<br \/>\nInformationen \u00fcber Menge und Preis erhalten Sie beim Personal.<br \/>\nAus Nachhaltigkeitsgr\u00fcnden w\u00fcrden wir es begr\u00fc\u00dfen,<br \/>\nwenn Sie auch ihr eigenes Geschirr mitbringen.<\/strong><\/p>\n","protected":false},"excerpt":{"rendered":"<p>Beachten Sie auch unsere Spezialkarten\u00a0auf der Mittagsmen\u00fc-Seite! Suppen Vorspeisen Schmankerln Hauptspeisen F\u00fcr unsere jungen G\u00e4ste S\u00fc\u00dfes Beilagen Geb\u00e4ck Salate Alle Preise inkl. aller Abgaben Essen zum Mitnehmen (Abholung) Unsere Speisen sind auch zum Mitnehmen gedacht. Nat\u00fcrlich stellen wir Ihnen gerne unser Einweggeschirr zur Verf\u00fcgung. Aufgrund der derzeitigen Situation m\u00fcssen wir leider f\u00fcr unser Einweggeschirr den [&hellip;]<\/p>\n","protected":false},"author":1,"featured_media":0,"parent":0,"menu_order":0,"comment_status":"closed","ping_status":"closed","template":"","meta":{"footnotes":""},"class_list":["post-108","page","type-page","status-publish","hentry"],"_links":{"self":[{"href":"https:\/\/gasthaus-hansi.at\/index.php?rest_route=\/wp\/v2\/pages\/108","targetHints":{"allow":["GET"]}}],"collection":[{"href":"https:\/\/gasthaus-hansi.at\/index.php?rest_route=\/wp\/v2\/pages"}],"about":[{"href":"https:\/\/gasthaus-hansi.at\/index.php?rest_route=\/wp\/v2\/types\/page"}],"author":[{"embeddable":true,"href":"https:\/\/gasthaus-hansi.at\/index.php?rest_route=\/wp\/v2\/users\/1"}],"replies":[{"embeddable":true,"href":"https:\/\/gasthaus-hansi.at\/index.php?rest_route=%2Fwp%2Fv2%2Fcomments&post=108"}],"version-history":[{"count":54,"href":"https:\/\/gasthaus-hansi.at\/index.php?rest_route=\/wp\/v2\/pages\/108\/revisions"}],"predecessor-version":[{"id":3150,"href":"https:\/\/gasthaus-hansi.at\/index.php?rest_route=\/wp\/v2\/pages\/108\/revisions\/3150"}],"wp:attachment":[{"href":"https:\/\/gasthaus-hansi.at\/index.php?rest_route=%2Fwp%2Fv2%2Fmedia&parent=108"}],"curies":[{"name":"wp","href":"https:\/\/api.w.org\/{rel}","templated":true}]}}